 is divided by 7.
6
Calculate the remainder when 135 is divided by 35.
30
Calculate the remainder when 61 is divided by 32.
29
What is the remainder when 217 is divided by 73?
71
What is the remainder when 171 is divided by 43?
42
What is the remainder when 664 is divided by 104?
40
What is the remainder when 23656 is divided by 59?
56
What is the remainder when 1818 is divided by 115?
93
Calculate the remainder when 2091 is divided by 1.
0
Calculate the remainder when 2869 is divided by 76.
57
What is the remainder when 344 is divided by 110?
14
What is the remainder when 19369 is divided by 167?
164
What is the remainder when 1694 is divided by 282?
2
Calculate the remainder when 930 is divided by 426.
78
Calculate the remainder when 1277 is divided by 9.
8
Calculate the remainder when 119 is divided by 42.
35
Calculate the remainder when 669 is divided by 113.
104
What is the remainder when 141 is divided by 49?
43
Calculate the remainder when 990 is divided by 62.
60
What is the remainder when 4773 is divided by 40?
13
What is the remainder when 193 is divided by 66?
61
Calculate the remainder when 87 is divided by 61.
26
What is the remainder when 313 is divided by 72?
25
What is the remainder when 73 is divided by 25?
23
What is the remainder when 152 is divided by 99?
53
Calculate the remainder when 380 is divided by 80.
60
Calculate the remainder when 352 is divided by 86.
8
What is the remainder when 207 is divided by 19?
17
What is the remainder when 2764 is divided by 39?
34
What is the remainder when 28115 is divided by 198?
197
Calculate the remainder when 6238 is divided by 240.
238
Calculate the remainder when 92 is divided by 9.
2
Calculate the remainder when 741 is divided by 154.
125
Calculate the remainder when 377 is divided by 76.
73
What is the remainder when 66 is divided by 14?
10
Calculate the remainder when 4152 is divided by 134.
132
What is the remainder when 7308 is divided by 215?
213
What is the remainder when 15637 is divided by 14?
13
What is the remainder when 676 is divided by 7?
4
Calculate the remainder when 806 is divided by 394.
18
Calculate the remainder when 125 is divided by 18.
17
What is the remainder when 374 is divided by 15?
14
Calculate the remainder when 993 is divided by 489.
15
Calculate the remainder when 394 is divided by 25.
19
Calculate the remainder when 267 is divided by 35.
22
What is the remainder when 221 is divided by 32?
29
What is the remainder when 3089 is divided by 28?
9
Calculate the remainder when 207 is divided by 90.
27
What is the remainder when 10749 is divided by 32?
29
What is the remainder when 181 is divided by 27?
19
What is the remainder when 315 is divided by 29?
25
What is the remainder when 117 is divided by 55?
7
Calculate the remainder when 574 is divided by 29.
23
What is the remainder when 4081 is divided by 157?
156
What is the remainder when 967 is divided by 250?
217
What is the remainder when 131 is divided by 41?
8
What is the remainder when 6944 is divided by 991?
7
Calculate the remainder when 1759 is divided by 10.
9
What is the remainder when 837 is divided by 23?
9
What is the remainder when 51 is divided by 11?
7
Calculate the remainder when 2067 is divided by 56.
51
Calculate the remainder when 5426 is divided by 81.
80
Calculate the remainder when 15861 is divided by 138.
129
What is the remainder when 1558 is divided by 1540?
18
What is the remainder when 4657 is divided by 17?
16
What is the remainder when 2003 is divided by 999?
5
Calculate the remainder when 805 is divided by 168.
133
Calculate the remainder when 110 is divided by 14.
12
Calculate the remainder when 85 is divided by 26.
7
Calculate the remainder when 124 is divided by 29.
8
Calculate the remainder when 593 is divided by 386.
207
What is the remainder when 286 is divided by 146?
140
What is the remainder when 195 is divided by 50?
45
What is the remainder when 249 is divided by 25?
24
What is the remainder when 27421 is divided by 11?
9
What is the remainder when 12638 is divided by 20?
18
What is the remainder when 2039 is divided by 12?
11
Calculate the remainder when 173 is divided by 13.
4
What is the remainder when 1216 is divided by 53?
50
Calculate the remainder when 3243 is divided by 646.
13
What is the remainder when 276 is divided by 63?
24
Calculate the remainder when 776 is divided by 66.
50
Calculate the remainder when 269 is divided by 42.
17
What is the remainder when 218 is divided by 68?
14
What is the remainder when 951 is divided by 9?
6
Calculate the remainder when 56 is divided by 47.
9
Calculate the remainder when 115 is divided by 25.
15
Calculate the remainder when 69 is divided by 64.
5
Calculate the remainder when 782 is divided by 54.
26
What is the remainder when 3177 is divided by 177?
168
Calculate the remainder when 109 is divided by 15.
4
What is the remainder when 49 is divided by 20?
9
What is the remainder when 356 is divided by 15?
11
Calculate the remainder when 349 is divided by 26.
11
Calculate the remainder when 657 is divided by 21.
6
What is the remainder when 35 is divided by 13?
9
What is the remainder when 1171 is divided by 23?
21
Calculate the remainder when 235 is divided by 41.
30
What is the remainder when 416 is divided by 19?
17
Calculate the remainder when 51 is divided by 20.
11
What is the remainder when 412 is divided by 52?
48
What is the remainder when 971 is divided by 39?
35
Calculate the remainder when 143 is divided by 38.
29
Calculate the remainder when 1524 is divided by 505.
9
What is the remainder when 28888 is divided by 167?
164
Calculate the remainder when 658 is divided by 6.
4
Calculate the remainder when 565 is divided by 173.
46
Calculate the remainder when 126 is divided by 80.
46
Calculate the remainder when 162 is divided by 34.
26
Calculate the remainder when 838 is divided by 170.
158
Calculate the remainder when 83 is divided by 9.
2
What is the remainder when 186 is divided by 61?
3
What is the remainder when 71 is divided by 67?
4
What is the remainder when 2742 is divided by 91?
12
What is the remainder when 8837 is divided by 104?
101
What is the remainder when 244 is divided by 22?
2
What is the remainder when 85 is divided by 51?
34
Calculate the remainder when 24479 is divided by 72.
71
Calculate the remainder when 91 is divided by 11.
3
Calculate the remainder when 377 is divided by 215.
162
What is the remainder when 780 is divided by 71?
70
What is the remainder when 86 is divided by 30?
26
Calculate the remainder when 90 is divided by 27.
9
Calculate the remainder when 895 is divided by 295.
10
Calculate the remainder when 9673 is divided by 14.
13
Calculate the remainder when 461 is divided by 115.
1
What is the remainder when 83 is divided by 31?
21
Calculate the remainder when 287 is divided by 72.
71
What is the remainder when 804 is divided by 135?
129
What is the remainder when 291 is divided by 3?
0
What is the remainder when 646 is divided by 229?
188
Calculate the remainder when 113 is divided by 39.
35
Calculate the remainder when 107 is divided by 16.
11
What is the remainder when 61 is divided by 17?
10
What is the remainder when 1039 is divided by 131?
122
Calculate the remainder when 2506 is divided by 109.
108
What is the remainder when 123 is divided by 69?
54
What is the remainder when 246 is divided by 33?
15
Calculate the remainder when 55 is divided by 44.
11
Calculate the remainder when 1095 is divided by 24.
15
What is the remainder when 6508 is divided by 70?
68
Calculate the remainder when 724 is divided by 26.
22
What is the remainder when 657 is divided by 33?
30
What is the remainder when 366 is divided by 96?
78
Calculate the remainder when 52 is divided by 6.
4
What is the remainder when 1333 is divided by 148?
1
Calculate the remainder when 230 is divided by 111.
8
What is the remainder when 2462 is divided by 1205?
52
What is the remainder when 182 is divided by 17?
12
What is the remainder when 2177 is divided by 99?
98
What is the remainder when 9117 is divided by 47?
46
Calculate the remainder when 2812 is divided by 5.
2
Calculate the remainder when 65 is divided by 17.
14
Calculate the remainder when 214 is divided by 3.
1
Calculate the remainder w